68.
392
Calculate the greatest common factor of 1777998 and 666.
222
What is the greatest common factor of 30 and 98244?
6
Calculate the highest common divisor of 1028840 and 1068.
356
Calculate the greatest common factor of 4600 and 3800.
200
What is the greatest common divisor of 162 and 90666?
54
What is the highest common factor of 9956229 and 1263?
1263
What is the highest common divisor of 882 and 563157?
441
What is the greatest common factor of 83754 and 9?
9
Calculate the greatest common divisor of 416 and 177856.
32
What is the highest common divisor of 6348 and 1704?
12
Calculate the highest common factor of 227898 and 396.
198
Calculate the greatest common divisor of 3326747 and 68.
17
What is the greatest common factor of 3 and 2112060?
3
Calculate the highest common divisor of 109 and 7957.
109
Calculate the greatest common divisor of 2067 and 433752.
159
Calculate the greatest common factor of 55 and 40095.
55
Calculate the highest common factor of 808 and 59994.
202
What is the highest common factor of 32 and 103616?
32
Calculate the greatest common divisor of 51985 and 1665.
185
Calculate the highest common divisor of 6882 and 23746.
62
Calculate the highest common divisor of 32012 and 8056.
212
What is the highest common divisor of 1296 and 692112?
48
What is the highest common factor of 92 and 239706?
46
Calculate the highest common divisor of 50 and 66610.
10
What is the highest common factor of 209817 and 399?
57
Calculate the highest common divisor of 78 and 118119.
3
Calculate the greatest common factor of 215130 and 240.
30
Calculate the highest common divisor of 15640 and 35224.
136
Calculate the greatest common factor of 93 and 1891.
31
Calculate the greatest common factor of 503 and 1005497.
503
What is the highest common divisor of 120893 and 212?
53
Calculate the highest common factor of 24661 and 185906.
1897
What is the highest common factor of 70015 and 1463?
209
Calculate the greatest common divisor of 61621 and 7.
7
Calculate the highest common factor of 410025 and 462.
231
Calculate the greatest common divisor of 4264 and 1314952.
328
What is the greatest common factor of 31458 and 1926?
642
Calculate the highest common factor of 949 and 377.
13
What is the highest common divisor of 198 and 167871?
33
What is the greatest common divisor of 1125 and 6?
3
Calculate the highest common divisor of 36 and 288126.
18
Calculate the highest common factor of 55 and 2908345.
55
Calculate the greatest common factor of 2295 and 7565.
85
What is the highest common factor of 12582 and 1351866?
1398
What is the greatest common divisor of 185488 and 256?
16
What is the highest common divisor of 102 and 275298?
102
What is the highest common factor of 1065596 and 532?
532
Calculate the highest common divisor of 23529 and 330.
33
What is the greatest common factor of 128853 and 206?
103
Calculate the highest common factor of 2331 and 369.
9
What is the greatest common factor of 188509 and 131?
131
Calculate the greatest common factor of 17884 and 136.
68
Calculate the highest common factor of 1218 and 26187.
609
Calculate the greatest common factor of 115 and 2763220.
115
What is the greatest common divisor of 265646 and 30168?
838
Calculate the highest common divisor of 5 and 27992.
1
What is the highest common factor of 1376 and 96464?
16
Calculate the greatest common divisor of 74168 and 88.
8
What is the greatest common factor of 19929 and 78?
39
Calculate the highest common factor of 345822 and 18.
6
Calculate the greatest common factor of 423 and 6021.
9
Calculate the highest common divisor of 592 and 7295216.
592
Calculate the greatest common factor of 232 and 5840.
8
Calculate the highest common factor of 470260 and 60.
20
Calculate the highest common divisor of 26136 and 1694.
242
Calculate the highest common divisor of 58 and 24922658.
58
What is the greatest common factor of 1286 and 7901184?
1286
What is the greatest common divisor of 51 and 4267?
17
Calculate the greatest common divisor of 4189 and 1357.
59
Calculate the highest common divisor of 6802 and 1.
1
Calculate the highest common divisor of 219159 and 108.
27
What is the greatest common factor of 64584 and 135720?
936
Calculate the greatest common divisor of 212323 and 1273.
67
What is the highest common divisor of 2603 and 7?
1
Calculate the highest common divisor of 354702 and 186.
186
What is the greatest common divisor of 385 and 154385?
385
Calculate the greatest common factor of 44 and 341759.
11
What is the highest common divisor of 12467 and 217?
7
Calculate the greatest common divisor of 614928 and 96.
48
What is the greatest common divisor of 90 and 17694?
18
What is the greatest common divisor of 154 and 2360050?
154
What is the highest common divisor of 275128 and 168?
56
What is the greatest common factor of 76 and 4402319?
19
What is the highest common divisor of 6680 and 608715?
835
What is the greatest common divisor of 19705 and 125?
5
Calculate the highest common divisor of 4454814 and 246.
246
What is the greatest common factor of 776304 and 48?
48
Calculate the highest common factor of 27 and 13613.
1
What is the highest common divisor of 9243 and 2691?
117
Calculate the highest common divisor of 64029 and 147.
21
Calculate the greatest common factor of 2647037 and 215.
43
What is the greatest common factor of 39 and 5031?
39
What is the highest common factor of 28 and 559412?
28
Calculate the greatest common factor of 126 and 515466.
126
Calculate the greatest common factor of 362 and 2996817.
181
What is the greatest common divisor of 917346 and 564?
282
What is the highest common divisor of 196 and 73472?
28
Calculate the highest common factor of 66792 and 25392.
552
Calculate the highest common factor of 338 and 255021.
169
What is the greatest common factor of 372630 and 120?
30
What is the highest common factor of 636 and 104198?
106
What is the highest common divisor of 255178 and 2618?
154
What is the greatest common factor of 12040 and 917?
7
Calculate the highest common factor of 5824 and 54236.
364
Calculate the highest common divisor of 36 and 6813.
9
Calculate the greatest common factor of 507 and 121173.
507
What is the highest common divisor of 205 and 475?
5
Calculate the greatest common divisor of 4714542 and 186.
186
Calculate the greatest common divisor of 1782 and 1017.
9
What is the greatest common divisor of 74580 and 1320?
660
What is the highest common factor of 64 and 35888?
16
Calculate the greatest common factor of 58 and 24737.
29
Calculate the greatest common divisor of 1155 and 39600.
165
What is the highest common factor of 295 and 135?
5
What is the highest common divisor of 216 and 26484?
12
What is the highest common divisor of 1441 and 708186?
131
What is the greatest common factor of 243 and 720009?
243
What is the greatest common factor of 79 and 2216424?
79
What is the greatest common factor of 2358 and 1962?
18
What is the greatest common divisor of 8660 and 2620?
20
Calculate the greatest common factor of 93 and 1643.
31
What is the greatest common divisor of 379 and 59124?
379
What is the greatest common divisor of 253857 and 296?
37
Calculate the highest common divisor of 774 and 4816.
86
Calculate the greatest common factor of 336 and 9870.
42
What is the greatest common divisor of 108 and 8973?
9
What is the greatest common divisor of 286 and 2816?
22
What is the greatest common divisor of 222 and 1734856?
74
What is the greatest common divisor of 288 and 29460?
12
What is the highest common divisor of 1184 and 58312?
296
Calculate the highest common factor of 1030442 and 178.
178
What is the highest common factor of 676 and 45019?
13
Calculate the highest common factor of 228 and 23769.
57
Calculate the highest common divisor of 52 and 972452.
52
Calculate the greatest common divisor of 1725324 and 1098.
366
What is the greatest common factor of 645 and 63769?
43
What is the greatest common factor of 234 and 54041?
13
What is the greatest common factor of 76905 and 27?
9
What is the greatest common factor of 486 and 12634542?
486
What is the greatest common divisor of 985 and 287817?
197
Calculate the greatest common divisor of 10 and 26.
2
What is the greatest common divisor of 4400 and